3519 and 284223.
51
What is the highest common divisor of 3200 and 98350?
50
What is the highest common divisor of 21791 and 209?
11
Calculate the greatest common divisor of 575 and 444675.
25
Calculate the highest common divisor of 20029922 and 22.
22
What is the highest common factor of 627414 and 636?
318
What is the greatest common factor of 3641 and 142992?
331
Calculate the greatest common factor of 1558 and 7.
1
Calculate the highest common factor of 3614050 and 1100.
550
Calculate the highest common factor of 930 and 66340.
310
Calculate the greatest common factor of 390 and 1738074.
78
What is the greatest common divisor of 28 and 2420502?
14
What is the highest common factor of 113620 and 28652?
988
What is the greatest common divisor of 4256 and 40?
8
What is the greatest common factor of 69060 and 660?
60
Calculate the greatest common factor of 2307018 and 1770.
354
What is the highest common divisor of 27175 and 25?
25
Calculate the highest common factor of 82858 and 646.
34
Calculate the highest common factor of 140 and 11095.
35
What is the highest common divisor of 95792 and 84?
4
What is the greatest common divisor of 555 and 2055?
15
Calculate the highest common factor of 3245847 and 41.
41
What is the highest common factor of 73821 and 33?
33
Calculate the highest common divisor of 66 and 3278924.
22
What is the greatest common factor of 11257477 and 847?
847
Calculate the highest common factor of 2430 and 30.
30
What is the highest common divisor of 58125 and 93?
93
What is the greatest common divisor of 366 and 2364?
6
Calculate the highest common factor of 14873 and 86180.
139
Calculate the highest common factor of 14 and 222124.
14
What is the greatest common factor of 470 and 15933?
47
Calculate the greatest common factor of 16 and 97912.
8
Calculate the greatest common factor of 480688 and 416.
208
What is the greatest common divisor of 110061 and 315?
63
What is the greatest common factor of 15531 and 64629?
501
What is the highest common divisor of 494976 and 288?
96
Calculate the highest common factor of 320 and 48320.
320
What is the highest common divisor of 917346 and 282?
282
Calculate the highest common factor of 4239 and 27318.
471
What is the greatest common factor of 175 and 38925?
25
What is the greatest common factor of 152893 and 143?
13
Calculate the greatest common divisor of 5307 and 26596.
61
What is the greatest common divisor of 8090 and 10?
10
What is the highest common divisor of 1179 and 18?
9
Calculate the highest common factor of 96194 and 602.
14
Calculate the greatest common factor of 1153618 and 178.
178
What is the highest common factor of 9603 and 2578842?
873
What is the greatest common factor of 18 and 110709?
9
What is the highest common factor of 191504 and 112?
16
Calculate the highest common divisor of 54953 and 2149.
307
Calculate the greatest common factor of 361 and 2888.
361
Calculate the greatest common factor of 228 and 870.
6
Calculate the highest common divisor of 1383781 and 35.
7
What is the greatest common divisor of 91512 and 216?
72
Calculate the greatest common divisor of 3750 and 120.
30
Calculate the greatest common factor of 138 and 25277.
23
Calculate the highest common factor of 540 and 615708.
108
Calculate the greatest common factor of 635 and 110.
5
What is the highest common factor of 600 and 69330?
30
Calculate the highest common divisor of 234 and 11557.
13
Calculate the highest common factor of 171 and 880232.
19
Calculate the greatest common divisor of 12 and 21054.
6
Calculate the highest common divisor of 6 and 135402.
6
Calculate the highest common factor of 2210 and 297908.
442
What is the greatest common factor of 119289 and 102?
51
What is the highest common divisor of 476 and 269773?
119
Calculate the greatest common divisor of 249480 and 825.
165
Calculate the greatest common factor of 4063 and 1912.
239
What is the greatest common divisor of 9464 and 4984?
56
What is the highest common factor of 9152 and 47476?
572
What is the greatest common factor of 26 and 933218?
26
Calculate the highest common divisor of 750656 and 8.
8
What is the highest common divisor of 8197 and 3423?
7
What is the highest common divisor of 42000 and 36?
12
What is the greatest common divisor of 3103002 and 63?
63
Calculate the highest common factor of 10 and 717575.
5
Calculate the greatest common divisor of 273252 and 84.
84
Calculate the greatest common factor of 370082 and 57.
19
What is the highest common divisor of 629 and 51?
17
What is the highest common factor of 1701 and 11151?
189
Calculate the highest common divisor of 2 and 2326.
2
Calculate the highest common divisor of 1013247 and 99.
9
Calculate the greatest common divisor of 393477 and 11193.
861
What is the highest common factor of 96 and 212112?
48
What is the greatest common factor of 322 and 97198?
46
Calculate the highest common factor of 9396 and 928.
116
Calculate the greatest common factor of 36880 and 720.
80
Calculate the highest common divisor of 1180 and 413590.
590
Calculate the greatest common factor of 468460 and 118.
118
Calculate the greatest common factor of 88181 and 109.
109
Calculate the greatest common divisor of 15488 and 3025.
121
What is the highest common factor of 75 and 189720?
15
What is the highest common divisor of 135753 and 888?
111
What is the highest common divisor of 400 and 8580?
20
What is the highest common factor of 10927 and 728?
7
Calculate the highest common factor of 1437656 and 5610.
374
Calculate the highest common divisor of 508928 and 497.
497
Calculate the greatest common divisor of 864 and 36384.
96
Calculate the highest common divisor of 3408452 and 2264.
1132
Calculate the greatest common divisor of 185281 and 29.
29
What is the greatest common factor of 612 and 63948?
12
Calculate the greatest common factor of 4440 and 1369.
37
Calculate the highest common factor of 20 and 69440.
20
Calculate the greatest common divisor of 18139 and 34.
17
Calculate the highest common factor of 11524 and 688.
172
What is the highest common divisor of 549 and 1287?
9
Calculate the highest common divisor of 30 and 1320075.
15
Calculate the highest common divisor of 7326795 and 7.
7
What is the highest common factor of 43359 and 2328?
291
What is the greatest common divisor of 69 and 38318?
23
Calculate the highest common divisor of 1904 and 1547.
119
Calculate the highest common divisor of 25 and 469325.
25
Calculate the greatest common factor of 1581 and 12495.
51
What is the highest common factor of 20936 and 72?
8
Calculate the greatest common factor of 983830 and 74.
74
What is the greatest common divisor of 2608 and 6224?
16
Calculate the greatest common divisor of 49022 and 1930.
386
What is the greatest common factor of 190 and 6035540?
190
Calculate the highest common divisor of 112 and 721.
7
Calculate the greatest common divisor of 34956 and 36.
36
Calculate the highest common factor of 896 and 77392.
112
Calculate the highest common divisor of 47 and 1733.
1
Calculate the highest common divisor of 4232 and 18584.
184
What is the greatest common factor of 152 and 15124?
76
Calculate the greatest common divisor of 324 and 31308.
12
What is the highest common factor of 460 and 53660?
20
What is the greatest common divisor of 20025 and 525?
75
What is the highest common factor of 262800 and 82928?
1168
Calculate the greatest common factor of 680032 and 79.
79
Calculate the greatest common factor of 19536 and 1818624.
1776
Calculate the greatest common divisor of 83 and 5561.
83
Calculate the greatest common factor of 964 and 48682.
482
Calculate the highest common factor of 30 and 43270.
10
What is the greatest common factor of 33 and 50930?
11
Calculate the highest common divisor of 498 and 98023.
83
What is the highest common divisor of 110 and 6072?
22
Calculate the greatest common divisor of 1898 and 208.
26
Calculate the highest common factor of 112541 and 4147.
143
Calculate the highest common divisor of 216 and 60312.
24
What is the greatest common divisor of 46 and 3271129?
23
What is the greatest common divisor of 290505 and 963?
321
What is the highest common factor of 1369 and 4?
1
Calculate the highest common factor of 75 and 64900.
25
What is the h